- -1))?
32
Evaluate (28 - (-2 + 10) - (35 + -6)) + -91.
-100
29 - (17 - -23) - (0 + -18) - 77
-70
What is (-1 - 7 - -68) + 538 + -520?
78
What is -10 + 32 + -116 + -24 - 17?
-135
What is the value of 13 + (405 - 407) + (-3 - -14)?
22
What is the value of -23 - (-17 + (18 - (-8 - -12)))?
-20
Evaluate 63 + (95 - 67) + -101.
-10
What is 39 - (-12 - -33) - 5 - -71?
84
What is the value of 8 + (-64 - -97) - (-2 + (0 - 0))?
43
(-131 - (-42 - 31)) + (7 - (1 + 2 - 4))
-50
What is the value of (38 - (-9 + -1)) + (188 - 159)?
77
-57 - -20 - -3 - -26
-8
Calculate -11 + 4 - (-95 - (-2 - -10 - 19)).
77
What is the value of -39 + 47 + 132 - 132?
8
What is (173 - (106 + -50)) + -167?
-50
What is the value of (27 - -5) + (-244 - -191)?
-21
What is (2 - -4) + (45 - (46 + -75)) + -10 + 1?
71
What is 12 + (-4 - 82) - (46 + -63)?
-57
What is the value of 4 + (-13 - -8) + -6 + 4 + -3 + -42?
-48
What is the value of (14 - (-4 + -4) - 30) + 6?
-2
What is the value of (20 - -3 - -2) + (251 - 245) + (-6 - -2)?
27
Evaluate -6 + (36 - 0) + -102 + 112 + -7.
33
Evaluate -26 + -1 + (-9 - (-1 - -2)) + 4 + 8.
-25
Evaluate -113 + (80 - 41) + -32.
-106
Calculate -2 - (-1 + -1) - (-310 + 302) - (-17 - 1).
26
Evaluate 26 + -1 - (2308 + -2330).
47
Calculate -8 - (-15 + 7 + -3) - (88 - 2).
-83
What is -31 + ((31 - 5) + -6 - 17) - -2?
-26
18 + -11 + 11 - (10 + -17 - -4)
21
-6 + (-1 - -28) + (-26 - 26 - -42)
11
-22 + 21 + 14 + -16
-3
5 + (-4 - 8 - -26) - (-5 - 4)
28
Calculate (17 - 3 - (12 - 18)) + -11.
9
Calculate 134 + -118 + (-21 - -17).
12
Calculate -56 + (-48 + 62 - -106).
64
Evaluate 109 + -81 + 19 - (4 + -1 - 4).
48
-4254 + 4297 - (33 + -1)
11
Evaluate 1 - 0 - (-11 + 18 + -16 + -14 + 5).
19
Evaluate 13 - ((-8 + 13 - 0) + -19).
27
What is 25 + (-5 + -1 + 1 + 2 - (-14 + 17))?
19
Evaluate -21 + -2 + 16 + (-1 - (44 + -31)).
-21
Evaluate -1026 - -1013 - (-1 + (1 - 3)) - -20.
10
14 + 0 - (36 - (7 + 27))
12
Calculate 167 + 116 + -237 + 24.
70
Evaluate (-134 - -55) + (232 - 151).
2
What is (-77 - 2) + -3674 + 3710?
-43
What is (65 - -2 - 25) + (0 - (9 - 1))?
34
Calculate (24 - 61) + 42 - -29.
34
What is 5 + -2 + (-49 - 16 - -60)?
-2
Calculate -321 - -324 - (-2 - (2 - 5)) - (39 - -1).
-38
Evaluate -59 - (-37 + 34 + -12) - 27.
-71
What is -4 - 4 - ((-34 - -15) + 6)?
5
What is the value of -4 + -3 - 0 - (870 + -936)?
59
What is the value of ((-32 - 3) + 1 - 1) + 3190 + -3189?
-34
(-63 - (-68 - 33)) + -107
-69
Evaluate -158 + (-136 - -65) + 87.
-142
Calculate -18 + (-25 - -13) - 77.
-107
What is -66 + -4 - (-10 - (8 - 22) - (3 + 0))?
-71
Evaluate -5 - 5 - (0 + 3 + (22 - (99 + 14))).
78
Evaluate 0 + -34 + 2 - -74.
42
Calculate (38 + (-20 - -15) - 28) + -25.
-20
Calculate ((7 - 122) + -1 - (-20 + 4)) + (-6 - -1).
-105
Evaluate 4 + (-10 + 2 + (3 - 0) - -9).
8
-46 - -5 - ((9 - (-5 + 15)) + -1)
-39
What is the value of (-12 + 75 - 16) + (9 - 2) - 1?
53
Calculate 112 + -1 - ((27 - 14 - -7 - 38) + 11).
118
Calculate (2 - (-21 + 10)) + 6 + 7 + (-12 - -4).
18
-91 - (14 + -70) - -44
9
What is the value of 38 + (-22 - (-2 - (-13 - -12 - -8))) + 3?
28
What is (78 + -149 - 83) + 47?
-107
(3 - (-74 + 97)) + 71
51
Evaluate -3 + (0 - 8 - (-9 - -2)) + 115 + 1.
112
What is (-1 + -62 - (525 - 540)) + -7?
-55
Calculate 3 - (-6 + -9 + 17 + 11) - -48.
38
What is 60 + (-7 - (30 - 83 - -7))?
99
What is the value of -32 + (17 - 30) + 0 + 2?
-43
Calculate -4 + -2 - ((3 + 11 - 37) + 0 + -35).
52
What is -15 - 65 - (-14 - (4 - 4))?
-66
What is the value of 49 + -52 + 26 + 0 + 4?
27
What is the value of 17 + (3 - 8) + (-4 + -22 - -10) - -88?
84
-9 + -67 + (16 - -74)
14
8 + 22 + (-26 - -16)
20
What is the value of 38 - (31 - ((21 - 6) + 4 + -1))?
25
What is the value of 17 + -49 + -26 + 48 - 0 - 16?
-26
What is (-34 - 19 - -19) + 9?
-25
What is the value of 15 + -20 + (-5 + 1 + 2 - (29 + -43))?
7
What is the value of -27 + 39 + (64 - 85)?
-9
What is the value of (-47 - (-34 + 155) - (4 - 23)) + 20?
-129
What is 0 + 88 + -11 + -56 + 49?
70
Evaluate (21 - (-446 + 448 + 2 + 7)) + -131.
-121
What is the value of (-53 - -3) + (-254 - -339)?
35
Evaluate (357 - 159) + -185 - (139 - 2 - 2) - 16.
-138
What is (3 + 1 + -28 + 19 - (51 + -7)) + 9?
-40
What is the value of -45 + (-37 - -32) + 53?
3
Calculate -2 - 0 - -2 - (1675 - 1692).
17
Calculate -185 + 226 + 77 + -184.
-66
Calculate (-19 + 240 - 190) + (-29 - 1).
1
What is the value of (-36 + 1 - -197) + -85?
77
What is the value of -4 + 7 - -3 - 3 - (-13 + 21) - -41?
36
Calculate -144 - -109 - 6 - (8 + 2 + -4).
-47
What is the value of -7 - (-58 - -44 - (0 - 2)) - 8?
-3
Calculate (-70 - ((9 - 4 - -5) + -23)) + -7 + -4.
-68
Evaluate (-28 - (-6 - (24 - 32))) + 83.
53
Evaluate (-12 - -18) + -10 + 8 + -7 + 16 + -9.
4
Evaluate 5 + ((-20 - -5) + 22 + -54 - (-2 - 7)).
-33
What is the value of -6 + -1 + -5 + (12 - 19) + 6 + -106?
-119
Evaluate 0 - 0 - (-2 + 4) - (-2 + 9).
-9
What is -6 + (38 - (-44 - -99))?
-23
3 + (-4 - -1) - ((-4 - -10) + -7)
1
(72 - 11) + -122 - -92
31
Calculate 93 - (-251 + 121 + 144).
79
10 - (-8 + -66 + 32)
52
What is (158 - 75) + (-4 - 37)?
42
What is the value of (-63 - (-5 - 1)) + 6 + -10 + -16?
-77
What is the value of 15 - 21 - (14 + 21 + 5)?
-46
Calculate -24 - 14 - -10 - 15.
-43
What is (3 - -3 - (101 - 101)) + (1 - 0)?
7
10 - (-12 + 18) - (-5 + (-18 - -6))
21
What is (2 - 13) + (-1298 - -1350)?
41
-2 + (15 - (0 + -1) - (24 - (-3 - -29)))
16
(-42 - (42 - 17)) + -6 + 1 + 2
-70
What is -23 + 8 + 6 + 2 + (-9 - (4 - 80))?
60
Evaluate 196 + -244 - (6 + (5 - 10 - -2) + 0).
-51
What is (-13 - (3 + -40 + -3)) + -27 + 16?
16
Calculate -169 + 103 + (-1 - -4) + -9 + 6 + -6.
-72
What is 33 - (-13 - (-31 + -11 + 30))?
34
What is (-29 - (-3 + 0)) + -42 + 35 - (15 + -1)?
-47
40 - (-76 + 179) - -51
-12
What is -8 + (95 - (162 - 67)) + (-2 - (0 - -62))?
-72
(30 - 20) + (-71 - (6 - 0)) + -1 + -9
-77
What is 81 + (10 - 66) + 23?
48
What is the value of -14 + -9 + 30 + -9 + -55 + 3?
-54
Evaluate 19438 + -19567 - (0 - (-1 - -3) - 6).
-121
-188 - -79 - (-129 + 71)
-51
Calculate 2 + 10 - (1980 - 1915).
-53
Calculate 1217 + -1299 - (19 - 0).
-101
Calculate (1 + 5 - (-99 - -98) - -4 - 6) + 59.
64
Calculate -6 + 31 - (30 - 6).
1
What is the value of (-123 + 73 - 88) + 83?
-55
-5 - (35 - 30) - 57
-67
What is (-21 - (87 + -122)) + -62?
-48
Evaluate 2 + -16 - 11 - -8 - 3.
-20
What is the value of 0 + (-26 + 3 + 73 - 22)?
28
(9 - (-2 - 10) - 43) + 42
20
What is the value of -20 + 38 + 5 + (-8 - 2) + -9 - 81?
-77
(-2715 - -2653) + 2 + 24
-36
What is (-155 + 15 - (-3 - 0)) + 28?
-109
Evaluate -521 - -531 - (-31 + (-2 - 0) + 0).
43
What is the value of 5 + 96 - (15 + (29 - 42))?
99
What is the value of -14 + (7 + 1 - (4 + -4)) + -18 + 44?
20
Calculate 93 + 7 + (-12 + 7 + -2 - 22).
71
What is -4 + 49 + -4 + (10 + 0 - 15)?
36
Evaluate -27 - -32 - (25 + -35).
15
Evaluate 0 + (-1 - 2) + (-18 - -55) + -45 - -159.
148
What is (-40 - -3 - (-137 - -116)) + -22?
-38
What is the value of 28 + (17 + -9 - (-1 - -1 - (8 - 16)))?
28
(-167 + 71 - 25) + 29
-92
What is the value of -20 + 19 + 21 + -25 + 1 + -10?
-14
(-68 - 31) + 99 + (-4 - (-2 + 1)) + -38
-41
What is the value of -177 - -188 - (2 - -19)?
-10
What is -6 + 27 + (4 - -2) + -10 + -5 - -27?
39
What is the value of 107 - ((-81 - -161) + 37)?
-10
What is 16 + -55 + (-78 - -54)?
-63
What is (1 - -3) + (-69 - (-16 + -14))?
-35
(7 - 25) + 100 + -4 - -7
85
What is the value of -3 + 0 + -60 + -1 + -18 + (-21 - -48)?
-55
Evaluate (3 - 5) + (33 - (15 + 6)).
10
What is the value of -4 + (0 - 30) + -3 + -5 + 16 + 0?
-26
Evaluate (104 - 75) + (-8 - -15).
36
Calculate -189 + 180 - (-35 + 33 + (-1 - 78) + 0).
72
Evaluate 2 + 51 + (-8 + 4 - -7 - (-2 + 5)).
53
Evaluate 6 + -1 + 9 + -6 - 0 - (871 + -803).
-60
98 - (-41 + -41 + 221)
-41
Evaluate -17 + (-29 - (-6 + -35 - -22)).
-27
What is -14 - ((4 - (-18 - -25)) + -14) - 15?
-12
Calculate 24 + (78 - -12) + -90.
24
What is the value of 1 + 46 - (20 - 3 - (72 - 73) - 13)?
42
What is the value of -2 + 13 + (30 - 8) - (-7 - -4)?
36
What is (8 - 12 - -9) + (-19 - -1) + (-410 - -329)?
-94
Calculate 12 + (-99 - -33) - -33.
-21
(5 - 0) + 53 - (-15 + (3 + -10 - -17))
63
Calculate (22 - (13 + 5)) + (10 + -15 - -16).
15
What is -16 - (-52 + 23 - 38 - 3 - (5 - -2))?
61
Evaluate 55 + -26 + 12 + (-23 - 109).
-91
Cal